{"id":3812,"date":"2025-12-16T20:56:37","date_gmt":"2025-12-16T20:56:37","guid":{"rendered":"https:\/\/ideasbinarias.cl\/mineral-demo\/?page_id=3812"},"modified":"2025-12-16T20:56:37","modified_gmt":"2025-12-16T20:56:37","slug":"empresa","status":"publish","type":"page","link":"https:\/\/mineraldrilling.com\/index.php\/empresa\/","title":{"rendered":"Empresa"},"content":{"rendered":"\t\t<div data-elementor-type=\"wp-page\" data-elementor-id=\"3812\" class=\"elementor elementor-3812\">\n\t\t\t\t<div class=\"elementor-element elementor-element-14ea075 e-con-full e-flex e-con e-parent\" data-id=\"14ea075\" data-element_type=\"container\" data-e-type=\"container\">\n\t\t\t\t<div class=\"elementor-element elementor-element-19cfe5d elementor-widget elementor-widget-matrik_about\" data-id=\"19cfe5d\" data-element_type=\"widget\" data-e-type=\"widget\" data-widget_type=\"matrik_about.default\">\n\t\t\t\t<div class=\"elementor-widget-container\">\n\t\t\t\t\t\n        \n        \n                    <div class=\"home3-about-section\">\n                <div class=\"container\">\n                    <div class=\"row gy-4 align-items-center\">\n                        <div class=\"col-lg-6 wow animate fadeInLeft\" data-wow-delay=\"200ms\" data-wow-duration=\"1500ms\">\n                            <div class=\"about-content-wrap\">\n                                <div class=\"section-title two\">\n                                                                            <h2>Somos una organizaci\u00f3n orientada a la Industria Minera<\/h2>\n                                                                                                        <\/div>\n                                <ul>\n                                                                            <li>\n                                                                                        <div class=\"single-content\">\n                                                                                                    <h6>QUIENES SOMOS<\/h6>\n                                                                                                                                                    <p>La creciente demanda de sondajes con exigencias de altos est\u00e1ndares de calidad y seguridad fueron los factores determinantes para fundar Mineral Drilling SpA.\n\nLas principales fortalezas de la Compa\u00f1\u00eda son su calidad de servicio, personal t\u00e9cnico con competencias y experiencia comprobada en la Industria Minera Chilena y de Am\u00e9rica Latina, moderna flota de equipos y orientaci\u00f3n a la seguridad en sus operaciones. Estos importantes factores hacen de Mineral Drilling una excelente y confiable opci\u00f3n para sus clientes y trabajadores.<\/p>\n                                                                                            <\/div>\n\n                                        <\/li>\n                                                                            <li>\n                                                                                            <svg width=\"100\" height=\"74\" viewBox=\"0 0 100 74\" xmlns=\"http:\/\/www.w3.org\/2000\/svg\">\n                                                    <path\n                                                        d=\"M3.8338 3.5C3.8338 4.97276 5.02771 6.16667 6.50046 6.16667C7.97322 6.16667 9.16713 4.97276 9.16713 3.5C9.16713 2.02724 7.97322 0.833333 6.50046 0.833333C5.02771 0.833333 3.8338 2.02724 3.8338 3.5ZM15.0001 53L14.9241 53.4942L15.0001 53ZM98.4667 73.4989C98.7423 73.5173 98.9805 73.3088 98.9989 73.0333L99.2982 68.5432C99.3166 68.2677 99.1081 68.0294 98.8326 68.0111C98.557 67.9927 98.3188 68.2012 98.3004 68.4767L98.0344 72.4678L94.0432 72.2018C93.7677 72.1834 93.5294 72.3919 93.5111 72.6674C93.4927 72.943 93.7012 73.1812 93.9767 73.1996L98.4667 73.4989ZM6.0559 3.27118C3.09924 9.01554 0.00693369 20.6738 0.262935 31.312C0.391006 36.6341 1.35778 41.7518 3.64242 45.7571C5.93936 49.7839 9.56135 52.6692 14.9241 53.4942L15.0761 52.5058C10.0389 51.7309 6.66924 49.0452 4.51104 45.2616C2.34055 41.4565 1.38865 36.5243 1.26265 31.288C1.01049 20.8095 4.06836 9.31779 6.94503 3.72882L6.0559 3.27118ZM14.9241 53.4942C21.4708 54.5014 28.4469 54.4999 35.5791 54.3749C42.7244 54.2497 50.0243 54.0007 57.2782 54.4988C71.7615 55.4934 85.9903 59.4625 98.1237 73.3293L98.8763 72.6707C86.5096 58.5375 71.9884 54.5066 57.3468 53.5012C50.0382 52.9993 42.682 53.2503 35.5616 53.3751C28.4283 53.5001 21.5294 53.4986 15.0761 52.5058L14.9241 53.4942Z\" \/>\n                                                <\/svg>\n                                                                                        <div class=\"single-content\">\n                                                                                                    <h6>NUESTRA MISI\u00d3N<\/h6>\n                                                                                                                                                    <p>Entregar servicios de sondajes diamantina y aire reverso con altos est\u00e1ndares de calidad y seguridad, en los plazos comprometidos.<\/p>\n                                                                                            <\/div>\n\n                                        <\/li>\n                                                                            <li>\n                                                                                            <svg width=\"100\" height=\"74\" viewBox=\"0 0 100 74\" xmlns=\"http:\/\/www.w3.org\/2000\/svg\">\n                                                    <path\n                                                        d=\"M3.8338 3.5C3.8338 4.97276 5.02771 6.16667 6.50046 6.16667C7.97322 6.16667 9.16713 4.97276 9.16713 3.5C9.16713 2.02724 7.97322 0.833333 6.50046 0.833333C5.02771 0.833333 3.8338 2.02724 3.8338 3.5ZM15.0001 53L14.9241 53.4942L15.0001 53ZM98.4667 73.4989C98.7423 73.5173 98.9805 73.3088 98.9989 73.0333L99.2982 68.5432C99.3166 68.2677 99.1081 68.0294 98.8326 68.0111C98.557 67.9927 98.3188 68.2012 98.3004 68.4767L98.0344 72.4678L94.0432 72.2018C93.7677 72.1834 93.5294 72.3919 93.5111 72.6674C93.4927 72.943 93.7012 73.1812 93.9767 73.1996L98.4667 73.4989ZM6.0559 3.27118C3.09924 9.01554 0.00693369 20.6738 0.262935 31.312C0.391006 36.6341 1.35778 41.7518 3.64242 45.7571C5.93936 49.7839 9.56135 52.6692 14.9241 53.4942L15.0761 52.5058C10.0389 51.7309 6.66924 49.0452 4.51104 45.2616C2.34055 41.4565 1.38865 36.5243 1.26265 31.288C1.01049 20.8095 4.06836 9.31779 6.94503 3.72882L6.0559 3.27118ZM14.9241 53.4942C21.4708 54.5014 28.4469 54.4999 35.5791 54.3749C42.7244 54.2497 50.0243 54.0007 57.2782 54.4988C71.7615 55.4934 85.9903 59.4625 98.1237 73.3293L98.8763 72.6707C86.5096 58.5375 71.9884 54.5066 57.3468 53.5012C50.0382 52.9993 42.682 53.2503 35.5616 53.3751C28.4283 53.5001 21.5294 53.4986 15.0761 52.5058L14.9241 53.4942Z\" \/>\n                                                <\/svg>\n                                                                                        <div class=\"single-content\">\n                                                                                                    <h6> NUESTRA VISI\u00d3N<\/h6>\n                                                                                                                                                    <p>Ser una compa\u00f1\u00eda de clase mundial, a trav\u00e9s del manejo de una moderna y optima flota de perforadoras, una gesti\u00f3n de excelencia en calidad, seguridad , gerenciamiento y compromiso con el medio ambiente.<\/p>\n                                                                                            <\/div>\n\n                                        <\/li>\n                                                                            <li>\n                                                                                            <svg width=\"100\" height=\"74\" viewBox=\"0 0 100 74\" xmlns=\"http:\/\/www.w3.org\/2000\/svg\">\n                                                    <path\n                                                        d=\"M3.8338 3.5C3.8338 4.97276 5.02771 6.16667 6.50046 6.16667C7.97322 6.16667 9.16713 4.97276 9.16713 3.5C9.16713 2.02724 7.97322 0.833333 6.50046 0.833333C5.02771 0.833333 3.8338 2.02724 3.8338 3.5ZM15.0001 53L14.9241 53.4942L15.0001 53ZM98.4667 73.4989C98.7423 73.5173 98.9805 73.3088 98.9989 73.0333L99.2982 68.5432C99.3166 68.2677 99.1081 68.0294 98.8326 68.0111C98.557 67.9927 98.3188 68.2012 98.3004 68.4767L98.0344 72.4678L94.0432 72.2018C93.7677 72.1834 93.5294 72.3919 93.5111 72.6674C93.4927 72.943 93.7012 73.1812 93.9767 73.1996L98.4667 73.4989ZM6.0559 3.27118C3.09924 9.01554 0.00693369 20.6738 0.262935 31.312C0.391006 36.6341 1.35778 41.7518 3.64242 45.7571C5.93936 49.7839 9.56135 52.6692 14.9241 53.4942L15.0761 52.5058C10.0389 51.7309 6.66924 49.0452 4.51104 45.2616C2.34055 41.4565 1.38865 36.5243 1.26265 31.288C1.01049 20.8095 4.06836 9.31779 6.94503 3.72882L6.0559 3.27118ZM14.9241 53.4942C21.4708 54.5014 28.4469 54.4999 35.5791 54.3749C42.7244 54.2497 50.0243 54.0007 57.2782 54.4988C71.7615 55.4934 85.9903 59.4625 98.1237 73.3293L98.8763 72.6707C86.5096 58.5375 71.9884 54.5066 57.3468 53.5012C50.0382 52.9993 42.682 53.2503 35.5616 53.3751C28.4283 53.5001 21.5294 53.4986 15.0761 52.5058L14.9241 53.4942Z\" \/>\n                                                <\/svg>\n                                                                                        <div class=\"single-content\">\n                                                                                                    <h6> NUESTROS VALORES<\/h6>\n                                                                                                                                                    <p>Ser una compa\u00f1\u00eda de clase mundial, a trav\u00e9s del manejo de una moderna y optima flota de perforadoras, una gesti\u00f3n de excelencia en calidad, seguridad , gerenciamiento y compromiso con el medio ambiente.\n<\/p>\n                                                                                            <\/div>\n\n                                        <\/li>\n                                                                    <\/ul>\n                            <\/div>\n                        <\/div>\n                        <div class=\"col-lg-6 wow animate fadeInRight\" data-wow-delay=\"200ms\" data-wow-duration=\"1500ms\">\n                            <div class=\"about-img-wrap\">\n                                                                    <div class=\"about-img\">\n                                        <img decoding=\"async\" src=\"https:\/\/ideasbinarias.cl\/mineral-demo\/wp-content\/uploads\/2025\/12\/baner4-700x300-1.jpg\" alt=\"banner-image\">\n                                    <\/div>\n                                                                                            <\/div>\n                        <\/div>\n                    <\/div>\n                <\/div>\n            <\/div>\n        \n\n        \n        \n\n        \n\t\t\t\t<\/div>\n\t\t\t\t<\/div>\n\t\t\t\t<div class=\"elementor-element elementor-element-0b0c883 elementor-widget elementor-widget-text-editor\" data-id=\"0b0c883\" data-element_type=\"widget\" data-e-type=\"widget\" data-widget_type=\"text-editor.default\">\n\t\t\t\t\t\t\t\t\t<h3 id=\"accordion-1-t5\" class=\"accordion-title js-accordion-controller\" style=\"text-align: center;\" tabindex=\"0\" role=\"button\" aria-controls=\"accordion-1-c5\" aria-expanded=\"false\">Pol\u00edtica Integrada de Gesti\u00f3n en Seguridad, Salud Ocupacional, Medio Ambiente y Calidad<\/h3>\n<div id=\"accordion-1-c5\" class=\"accordion-content\" aria-hidden=\"true\"><br \/>Mineral Drilling SpA es una empresa especializada en servicios de sondajes mediante procesos de aire reverso y diamantina, orientados a la industria minera. Con pr\u00e1cticas en el trabajo que privilegian la seguridad y salud de nuestros trabajadores, donde la calidad de sus procesos es reconocida. Tambi\u00e9n estamos comprometidos con el desarrollo sustentable mediante la preservaci\u00f3n del medio ambiente, en todos los lugares en donde desarrollamos nuestras actividades.<br \/>Para lograr esos objetivos, la gerencia de Mineral Drilling SpA, desarrolla una gesti\u00f3n de mejoramiento continuo basado en los siguientes principios, que deber\u00e1n ser adoptados por todo el personal propio y empresas colaboradoras:\n<p>\u00a0<\/p>\n<ul>\n<li>Identificar, evaluar y controlar los riesgos asociados a cada una de sus actividades, incorporando nuevas mejoras operativas y tecnol\u00f3gicas que eviten los da\u00f1os en nuestras operaciones proporcionando un ambiente de trabajo seguro. Con el prop\u00f3sito de proteger la salud e integridad f\u00edsica de nuestros trabajadores, evitar da\u00f1os a los equipos, instalaciones e impactos adversos al medio ambiente.<\/li>\n<li>Realizar a trav\u00e9s de la selecci\u00f3n, capacitaci\u00f3n y evaluaci\u00f3n permanente de nuestros trabajadores, una fuerza laboral sana, competente, responsable y comprometida.<\/li>\n<li>Entregar un servicio oportuno, eficiente y confiable que responda a las necesidades y expectativas de nuestros clientes, logrando su plena satisfacci\u00f3n.<\/li>\n<li>Cumplir con la legislaci\u00f3n nacional vigente, adem\u00e1s de normas, reglamentos, compromisos en materia de seguridad, salud ocupacional y medio ambiente que presentan los diferentes clientes en donde nuestra empresa presta servicios.<\/li>\n<li>Establecer objetivos, metas e indicadores de gesti\u00f3n para todos los procesos y evaluar su desempe\u00f1o peri\u00f3dicamente, incluyendo los requerimientos legales aplicables.<\/li>\n<li>Mantener canales de comunicaci\u00f3n efectiva con todos miembros de la organizaci\u00f3n, con el objetivo de integrar su participaci\u00f3n en las directrices de la empresa, y por lo tanto adquiriendo un mayor compromiso y responsabilidad con las actividades que desarrollan.<\/li>\n<li>Gestionar mediante el involucramiento de todos los trabajadores, procesos para la protecci\u00f3n del medio ambiente, incorporando buenas pr\u00e1cticas en el manejo de residuos y uso eficiente de los recursos naturales.<\/li>\n<li>Asignar los recursos humanos, materiales y financieros para dar cumplimiento a los principios antes mencionados.<\/li>\n<\/ul>\n<p>Para el fiel cumplimiento de estos principios, esta pol\u00edtica ser\u00e1 comunicada a cada miembro de la organizaci\u00f3n para integrarla en sus actividades diarias.<\/p>\n<p>Marco Cornejo, Gerente General Mineral Drilling<\/p>\n<\/div>\t\t\t\t\t\t\t\t<\/div>\n\t\t\t\t<\/div>\n\t\t\t\t<\/div>\n\t\t","protected":false},"excerpt":{"rendered":"<p>Somos una organizaci\u00f3n orientada a la Industria Minera QUIENES SOMOS La creciente demanda de sondajes con exigencias de altos est\u00e1ndares de calidad y seguridad fueron los factores determinantes para fundar Mineral Drilling SpA. Las principales fortalezas de la Compa\u00f1\u00eda son su calidad de servicio, personal t\u00e9cnico con competencias y experiencia comprobada en la Industria Minera [&hellip;]<\/p>\n","protected":false},"author":2,"featured_media":0,"parent":0,"menu_order":0,"comment_status":"closed","ping_status":"closed","template":"","meta":{"inline_featured_image":false,"footnotes":""},"class_list":["post-3812","page","type-page","status-publish","hentry"],"_links":{"self":[{"href":"https:\/\/mineraldrilling.com\/index.php\/wp-json\/wp\/v2\/pages\/3812","targetHints":{"allow":["GET"]}}],"collection":[{"href":"https:\/\/mineraldrilling.com\/index.php\/wp-json\/wp\/v2\/pages"}],"about":[{"href":"https:\/\/mineraldrilling.com\/index.php\/wp-json\/wp\/v2\/types\/page"}],"author":[{"embeddable":true,"href":"https:\/\/mineraldrilling.com\/index.php\/wp-json\/wp\/v2\/users\/2"}],"replies":[{"embeddable":true,"href":"https:\/\/mineraldrilling.com\/index.php\/wp-json\/wp\/v2\/comments?post=3812"}],"version-history":[{"count":0,"href":"https:\/\/mineraldrilling.com\/index.php\/wp-json\/wp\/v2\/pages\/3812\/revisions"}],"wp:attachment":[{"href":"https:\/\/mineraldrilling.com\/index.php\/wp-json\/wp\/v2\/media?parent=3812"}],"curies":[{"name":"wp","href":"https:\/\/api.w.org\/{rel}","templated":true}]}}